prime factors of 1562429727?
3, 17, 10211959
What are the prime factors of 703761944?
2, 5807, 15149
What are the prime factors of 2508648034?
2, 1254324017
What are the prime factors of 2140448357?
79, 27094283
What are the prime factors of 72604118?
2, 36302059
List the prime factors of 24514358.
2, 11, 9209
What are the prime factors of 359693449?
9907, 36307
List the prime factors of 546954359.
7, 31, 421, 5987
What are the prime factors of 1324803462?
2, 3, 19, 29, 67, 5981
What are the prime factors of 1344743366?
2, 73, 9210571
List the prime factors of 245424303.
3, 29, 31, 10111
What are the prime factors of 33951378?
2, 3, 557, 10159
What are the prime factors of 135936082?
2, 67968041
List the prime factors of 546590358.
2, 3, 17, 83, 21521
What are the prime factors of 82415800?
2, 5, 151, 2729
List the prime factors of 160807847.
160807847
List the prime factors of 184931149.
13, 14225473
List the prime factors of 585192634.
2, 13, 23, 547, 1789
What are the prime factors of 757400120?
2, 5, 23, 823261
What are the prime factors of 4104598679?
31, 71, 1864879
What are the prime factors of 165640208?
2, 10352513
List the prime factors of 1913370421.
1913370421
List the prime factors of 2920152000.
2, 3, 5, 281, 433
List the prime factors of 28429824.
2, 3, 83, 223
What are the prime factors of 817684145?
5, 29, 47, 119983
What are the prime factors of 244485652?
2, 2729, 22397
List the prime factors of 50319868.
2, 12579967
List the prime factors of 14807448.
2, 3, 2539
What are the prime factors of 2099833543?
2099833543
What are the prime factors of 31652661?
3, 2341, 4507
What are the prime factors of 1422906177?
3, 7, 11, 547, 11261
List the prime factors of 52734074.
2, 26367037
List the prime factors of 227870486.
2, 113935243
What are the prime factors of 187193632?
2, 5849801
What are the prime factors of 14939469?
3, 367, 4523
List the prime factors of 1386921608.
2, 17, 10197953
List the prime factors of 33764027.
11, 197, 15581
What are the prime factors of 84059894?
2, 23, 1827389
What are the prime factors of 523764279?
3, 19, 83, 12301
List the prime factors of 150390412.
2, 47, 799949
What are the prime factors of 1854150359?
19, 23, 4242907
List the prime factors of 49164189.
3, 149, 109987
List the prime factors of 608524972.
2, 11, 577, 2179
What are the prime factors of 1201272791?
1201272791
List the prime factors of 2604869527.
13, 6427, 31177
What are the prime factors of 634719984?
2, 3, 29, 455977
List the prime factors of 1858732787.
23, 80814469
List the prime factors of 2494516968.
2, 3, 499, 69431
What are the prime factors of 1539702012?
2, 3, 19, 307, 21997
What are the prime factors of 267615005?
5, 7, 23, 332441
What are the prime factors of 250598505?
3, 5, 19, 293, 3001
What are the prime factors of 265896391?
43, 107, 57791
List the prime factors of 6210976105.
5, 557, 2230153
List the prime factors of 592161389.
317, 1868017
What are the prime factors of 182529951?
3, 60843317
What are the prime factors of 1021258727?
5879, 173713
List the prime factors of 49345829.
13, 347, 10939
What are the prime factors of 3238503997?
53, 61103849
What are the prime factors of 33845700?
2, 3, 5, 7, 71, 227
What are the prime factors of 450998277?
3, 199, 755441
What are the prime factors of 7707100?
2, 5, 37, 2083
List the prime factors of 238765551.
3, 37, 89, 24169
List the prime factors of 381460288.
2, 11, 331, 1637
What are the prime factors of 22854853?
7, 19, 239, 719
List the prime factors of 1282586047.
113, 313, 36263
List the prime factors of 24952030.
2, 5, 2495203
List the prime factors of 653228410.
2, 5, 65322841
What are the prime factors of 16530929?
16530929
What are the prime factors of 26440766?
2, 11, 1201853
List the prime factors of 1785264289.
103, 17332663
What are the prime factors of 1283571520?
2, 5, 7, 11, 113, 461
List the prime factors of 471281877.
3, 11, 233, 20431
What are the prime factors of 1326416632?
2, 3769, 43991
List the prime factors of 224172553.
11, 67, 304169
List the prime factors of 6344823902.
2, 3172411951
List the prime factors of 183160715.
5, 36632143
List the prime factors of 98859447.
3, 73, 5573
List the prime factors of 1051477247.
1051477247
List the prime factors of 203733417.
3, 67911139
What are the prime factors of 47454756?
2, 3, 3954563
List the prime factors of 695427199.
41, 113, 367, 409
What are the prime factors of 3838100661?
3, 426455629
List the prime factors of 284898103.
7, 19, 103, 2971
List the prime factors of 5814094484.
2, 11, 132138511
List the prime factors of 146264636.
2, 7, 23, 383, 593
List the prime factors of 1268517383.
7, 181216769
List the prime factors of 528164806.
2, 13, 17, 97, 127
What are the prime factors of 3215546663?
7, 459363809
What are the prime factors of 8471069?
8471069
What are the prime factors of 369256261?
11, 33568751
What are the prime factors of 219153183?
3, 37, 1974353
What are the prime factors of 193536580?
2, 5, 9676829
List the prime factors of 124013893.
19, 6527047
List the prime factors of 1320936605.
5, 269, 373, 2633
What are the prime factors of 1354223372?
2, 79, 4285517
List the prime factors of 30966250.
2, 5, 7, 3539
List the prime factors of 425585328.
2, 3, 7, 73, 17351
What are the prime factors of 232771635?
3, 5, 5172703
What are the prime factors of 1413525950?
2, 5, 23, 157, 7829
What are the prime factors of 79813577?
1483, 53819
List the prime factors of 42837516.
2, 3, 233, 5107
What are the prime factors of 110315229?
3, 1423, 25841
List the prime factors of 2353428127.
409, 5754103
What are the prime factors of 51886914?
2, 3, 8647819
List the prime factors of 185579802.
2, 3, 19, 191, 947
What are the prime factors of 6340294241?
23, 14149, 19483
What are the prime factors of 1694470745?
5, 11, 281, 109639
What are the prime factors of 182727706?
2, 7, 13051979
List the prime factors of 450665190.
2, 3, 5, 5007391
List the prime factors of 7616179.
7616179
What are the prime factors of 4759049156?
2, 17, 127, 349, 1579
What are the prime factors of 216595040?
2, 5, 37, 36587
List the prime factors of 1190795669.
7, 103, 1651589
List the prime factors of 191823248.
2, 11988953
List the prime factors of 49636392.
2, 3, 13, 23, 6917
List the prime factors of 41377250.
2, 5, 19, 31, 281
List the prime factors of 467893911.
3, 53, 2942729
List the prime factors of 156296.
2, 7, 2791
What are the prime factors of 2443987924?
2, 7, 79, 1104877
List the prime factors of 1923080518.
2, 239, 4023181
What are the prime factors of 180596656?
2, 11287291
List the prime factors of 152874560.
2, 5, 23, 20771
List the prime factors of 3210054416.
2, 200628401
List the prime factors of 664927925.
5, 37, 718841
What are the prime factors of 1428673115?
5, 17, 16807919
What are the prime factors of 3303299630?
2, 5, 419, 788377
List the prime factors of 3769303349.
7, 541, 995327
What are the prime factors of 254412999?
3, 37, 764003
List the prime factors of 17677915.
5, 23, 347, 443
List the prime factors of 1050831.
3, 53, 2203
List the prime factors of 538398221.
53, 191669
What are the prime factors of 4783016750?
2, 5, 23, 831829
What are the prime factors of 1467453604?
2, 43, 8531707
List the prime factors of 126318903.
3, 157, 269, 997
What are the prime factors of 47135933?
13, 29, 125029
List the prime factors of 722084196.
2, 3, 2213, 27191
What are the prime factors of 224704372?
2, 109, 515377
What are the prime factors of 29236252?
2, 83, 107, 823
List the prime factors of 47948101.
47948101
List the prime factors of 171928101.
3, 6367, 9001
What are the prime factors of 434611028?
2, 37, 389, 7549
List the prime factors of 105563575.
5, 13, 324811
List the prime factors of 872966221.
997, 875593
List the prime factors of 410348635.
5, 17, 23, 431, 487
List the prime factors of 15794460.
2, 3, 5, 11, 2659
List the prime factors of 283935803.
277, 1025039
List the prime factors of 1783646.
2, 891823
List the prime factors of 2838252990.
2, 3, 5, 3079, 30727
What are the prime factors of 116559113?
11, 181, 58543
List the prime factors of 135853909.
135853909
List the prime factors of 60212773.
79, 762187
What are the prime factors of 205192962?
2, 3, 13, 876893
What are